*d - 9. Determine z(l).
-21
Let h(q) = q + 6. Let y = -31 - -24. Calculate h(y).
-1
Let f(q) be the first derivative of -q**3/6 + q**2/2 + 2*q - 1. Let o(l) be the first derivative of f(l). Calculate o(6).
-5
Let k(l) = -l**3 - 3*l**2 - l. Suppose -4*x = -3*y - 17, 7*y = 5*y - 3*x. Let f = 0 + y. Give k(f).
3
Let n(d) = -d + 7. Suppose 4*p = o + 14, -3*o = -4*p + 9 + 17. Give n(o).
13
Let d(n) = 0*n**3 + n - n**2 + 1 + n - n**3. Let b(s) = -s**3 + 10*s**2 - 10*s + 11. Let y be b(9). Suppose -y*o + 5*r = -0*r + 22, -2*o - 10 = -2*r. Give d(o).
-1
Let x(b) be the second derivative of b**4/12 - b**3/3 + b**2/2 + b. Suppose -3*r + 19 = -2*k, -r - 4*k - 26 = -3*r. Calculate x(r).
4
Let o(w) = -w**3 + 8*w**2 - 1. Let n = 31 - 23. Determine o(n).
-1
Let s(g) = -g**2 - 2*g + 1. Let p(k) = -k**3 - k**2 - 4. Let c(a) = -a**3 + 6*a**2 + a - 6. Let q be c(6). Let i be p(q). Calculate s(i).
-7
Let r = -3 - -3. Suppose c + 0 - 1 = r. Let x(t) = -c - 3*t**3 + t**2 - 5*t**3 + 3*t**3 - t. Determine x(-1).
6
Let j(d) = -4*d**2 + d**2 - d + 4*d**2. Let i = -1 + 6. Suppose 0 = -3*m + o - i*o - 14, -2 = -2*m + 3*o. What is j(m)?
6
Let d = 6 - 11. Let i be 2/1*(-9)/(-6). Let s(a) = -2 - 2*a**3 - 3*a + a**i - 2*a - 6*a**2. What is s(d)?
-2
Let y(m) be the second derivative of 13*m**3/6 + 7*m**2/2 - 3*m. Let d(u) = 7*u + 4. Let v(x) = -11*d(x) + 6*y(x). Determine v(0).
-2
Let x(o) = 13*o**2 - 7*o + 1. Let l(r) = -r**2 + r. Suppose 2*z + 2 = 4. Let i(f) = z*x(f) + 5*l(f). Suppose -2 = -4*w + c - 3*c, 0 = -2*w - 5*c - 3. Give i(w).
7
Let n(v) = -v**2 + 3. Suppose 3*l = -4*r, 7*r = 2*r - l - 11. Give n(r).
-6
Let j = -92 + 92. Let i(w) = w**2 + 13. Determine i(j).
13
Suppose 0 = -4*g + 4*l, -3*l + 3 = -4*g - 0*g. Let v(h) be the third derivative of h**6/120 + h**5/20 - h**4/8 - 2*h**3/3 - 31*h**2. What is v(g)?
5
Let u(p) = -p**3 - 4*p**2 - 6*p - 3. Let r be -3*3/(-18)*-8. Determine u(r).
21
Let u(t) = -t - 9. Let d(r) = r + 10. Let s(a) = 3*d(a) + 4*u(a). Let x = -7 - -2. Let q be s(x). Let w(c) = 9*c + 1. Give w(q).
-8
Let a(v) = v**2 + 7*v - 6. Let o be a(-8). Suppose 2*x + 3*b = -16, 3*b + 26 = -2*x - o*x. Let k(m) = -6*m + m**2 + 92 + m**3 - 94 + 3*m**2. Calculate k(x).
3
Let w(g) = -3*g - 58. Let n be w(-17). Let m(f) = f**3 + 7*f**2 - 7. Determine m(n).
-7
Let h(x) = 5*x**3 + 4*x**2 - 2*x + 6. Let n(t) = 4*t**3 + 4*t**2 - t + 5. Let m(p) = 3*h(p) - 4*n(p). Determine m(-3).
-5
Let t(f) = -f**3 + 5*f**2 + 5*f - 1. Let a(c) be the first derivative of 5*c**3/3 - c**2 - c - 3. Let j be a(-1). Determine t(j).
-7
Let z(b) be the first derivative of -1/4*b**4 + 3*b + 2*b**3 - 1 + 0*b**2. Give z(6).
3
Let o(w) = -w**2 + 4*w - 4. Let y(l) = -2*l - 12. Let n be y(-8). Suppose 0 = 2*d - d - n. What is o(d)?
-4
Let r(p) = -p**2 + 0*p**2 - 4 + 7*p - 2*p. What is r(4)?
0
Let j be (-56)/10 + 14/(-35). Let y(w) = w - 1. Determine y(j).
-7
Let i(b) = -b**2 + b + 1. Let x(a) = -3*a**2 + 2*a - 2. Let z(u) = -2*i(u) + x(u). Give z(3).
-13
Let q = 13 - 20. Let n(v) = v - 7. Give n(q).
-14
Let j(w) = -3*w + 6. Let l(a) be the third derivative of -a**6/120 + a**5/60 - a**3/6 + 3*a**2. Let g be l(-1). Let n be 25/20*4*g. What is j(n)?
-9
Let n(j) = -8*j**3 - j**2 - j + 2. Let u(k) = -k + 1. Let x(w) = n(w) - u(w). What is x(-1)?
8
Let u(p) = -8*p + p**3 + 4*p**2 - p + 2*p - 6. Let d be -4*5/(-12)*-3. Give u(d).
4
Suppose 9 = -4*z + 13. Let n(v) = 3*v**2 + v - 1. Give n(z).
3
Let x(z) be the second derivative of -4*z**3/3 + z**2/2 + 2*z. Let s = -5 + 4. Let t be (1/(-2))/(s/(-2)). Calculate x(t).
9
Suppose 0 = 4*t, -1 = -c - 4*t + 3. Suppose 3*v + 2*r - c*r = 1, 5*r = 20. Let p(x) = -x**2. What is p(v)?
-9
Let w(f) = -f**2 + 6*f + 8. Let o = -7 + 13. Give w(o).
8
Let y(g) = -3*g - 1. Let t(p) = -2*p + 6. Let z be t(5). Let r = 5 + z. Determine y(r).
-4
Suppose 0*t = 5*t + 10. Let d be (-7)/t - 4/8. Let z(y) = d*y**2 + y - 4*y**2 + 2 + y. What is z(-2)?
-6
Let t = -1 + 0. Let s(y) = -2*y - 2. Let z(l) = -4*l - 5. Let o(m) = -5*s(m) + 2*z(m). Determine o(t).
-2
Suppose -1 = t, 2*t - 17 - 9 = -4*w. Let z(k) = -k**3 + 8*k**2 - 7*k - 9. Give z(w).
-9
Suppose 0 = 4*j - 5*l + 5, 5*j - 4*l = l. Suppose -d = -2*u + 25, 0 = u + d - 0*d - j. Suppose 5*w + 0 - u = 0. Let s(n) = 3*n**2 - 3*n + 1. Calculate s(w).
7
Let o(n) = n**3 - 2*n**2 + 2*n - 1. Let u = 19 + -15. Suppose 0 = -4*s + u - 0. What is o(s)?
0
Let u(l) = -l**2 - 5*l - 2. Let s(v) = v**2 + 6*v + 3. Let t(y) = 4*s(y) + 5*u(y). Determine t(0).
2
Let i(z) = -3*z**3 + z**2 - 2*z + 1. Let y = 25 - 24. Determine i(y).
-3
Let q(x) = 2*x**2 - 6*x. Let b(w) = -w**3 + 4*w**2 + 3*w + 14. Let d be b(5). What is q(d)?
8
Let i(c) = -c**3 + 5*c**2 + 5*c + 4. Suppose 2 = -3*u + 20. Calculate i(u).
-2
Let h(c) = -2*c**3 - c**2 + 2*c + 1. Let o(q) = -q**3 - 3*q**2 + 2*q - 4. Let b be o(-4). Suppose 3*r - r + b = 0. Calculate h(r).
9
Let s(l) = -2 + 3*l + 2 - 2. Calculate s(-2).
-8
Suppose c = 3*z - 1, 4*z + 11 = 3*c + 2*z. Suppose h - c*b = 17, -2*h - 2*h - 4*b - 4 = 0. Let l(g) = -g**h - 6*g - 5 + 1 - g. Determine l(-4).
8
Let l(s) be the first derivative of s**3/3 - 5*s**2 + 7*s + 4. Calculate l(6).
-17
Let m(o) = 4*o + 4*o - 7*o + 6 + 8. Determine m(-6).
8
Let l(j) = -j - 1. Let c be l(2). Let h(q) = -q**3 - 3*q**2 - 2*q + 2. What is h(c)?
8
Let w(s) be the second derivative of -7*s**6/120 - s**5/60 + s**4/24 + 3*s**2/2 - 3*s. Let h(q) be the first derivative of w(q). What is h(1)?
-7
Let n(b) = 4*b + 11. Let c(a) = -3*a - 7. Let q(i) = 7*c(i) + 5*n(i). Let s be q(0). Let g(j) = -j**3 + 6*j**2 - 3*j + 6. Determine g(s).
-12
Let s(p) be the first derivative of p**2/2 + 2*p - 4. Let x be s(-4). Let r(f) = f**2 - 2*f - 3. Calculate r(x).
5
Suppose -3 + 6 = k + 3*o, -3*o + 39 = -5*k. Let c be (k/5)/(6/(-20)). Let i(v) be the second derivative of -v**3/6 + 4*v**2 + v. What is i(c)?
4
Let w(a) = -a + 1. Let c(n) = n - 1. Let s(v) = 3*c(v) + 2*w(v). Let y(l) = l**3 + 6*l**2 - l - 3. Let t(p) = 2*p + 4. Let z be t(-5). Let d be y(z). Give s(d).
2
Let i = 12 - 8. Suppose 0*j - 5*j = -p - 22, p = i*j - 17. Let u(y) be the third derivative of y**5/60 - y**4/12 + y**3/3 - 4*y**2. Determine u(p).
5
Let o(m) = -13*m**3 - 10*m**2 - 4*m. Let z(y) = 4*y**3 + 3*y**2 + y. Let s(i) = 2*o(i) + 7*z(i). What is s(1)?
2
Let k(o) = -31*o**2 + o - 31*o**2 + 42*o**2. What is k(1)?
-19
Let p(r) = 4*r + 2 - 1 - 2*r + 0. What is p(-6)?
-11
Let x = 4 + 0. Suppose x*w + 5*s = -0*w + 13, 0 = -4*s + 20. Let o = -7 - w. Let k(l) = l**2 + 3*l - 4. Determine k(o).
0
Let g(q) = 2 - 6 + 1 + 2 - q. Let f(m) = 7*m + 5. Let r(o) = f(o) + 6*g(o). Give r(3).
2
Let o be (-33)/(-55) - (-8)/(-5). Let j(i) = -21*i + 11. Let m(p) = -10*p + 5. Let q(h) = 6*j(h) - 13*m(h). Determine q(o).
-3
Let n(f) be the first derivative of f**6/360 + f**5/60 - f**4/6 - 2*f**3/3 + 1. Let a(s) be the third derivative of n(s). Suppose 1 = 3*k + 10. Give a(k).
-1
Let p = -7 + 9. Let o(b) = 3 - 2*b**2 + 2*b**2 + b**p - 5 - 2*b. Calculate o(-2).
6
Let q(s) = 455 + 453 - 904 - s. What is q(-5)?
9
Let a(z) = -2*z + 3. Suppose 6*f - f = 25. Let n = 7 - f. What is a(n)?
-1
Let i = 2 - 7. Let o(s) = s**2 + s - 3. Let p(z) = 3*z**2 + 2*z - 8. Let b(x) = 7*o(x) - 2*p(x). Determine b(i).
5
Let l(m) be the third derivative of 1/2*m**3 + 0 + 1/24*m**4 - m**2 + 0*m + 1/120*m**6 - 1/12*m**5. Give l(5).
8
Let u(p) = -14*p + 14*p + 19 - 9*p - 9*p**2. Let b(r) = 5*r**2 + 5*r - 10. Let q(h) = -h**2 + 2*h + 4. Let a be q(-3). Let j(n) = a*b(n) - 6*u(n). What is j(0)?
-4
Let n be 1/(-2) - (-2)/(-4). Let x(m) be the first derivative of m**2/2 + m + 11. Give x(n).
0
Let b(g) = 2*g + 6. Let m = 1 + 1. Suppose 0 = 4*k + 18 - m. Calculate b(k).
-2
Let f(w) = 6*w**2 - 3*w - 4. Let b(i) = -i**2. Let c(a) = 5*b(a) + f(a). Calculate c(3).
-4
Let t(r) = -4*r**3 + 5*r**2 - r + 2. Let x(i) = -3*i**3 + 5*i**2 + 2. Let f(l) = 4*t(l) - 5*x(l). Determine f(-4).
-2
Let b(u) = u**2 - u + 3. Suppose 0 = 11*d - 7*d. Determine b(d).
3
Let k(h) = -h**3 - 11*h**2 - 11*h - 10. Let l be k(-10). Let q(w) = w**2 + 9. What is q(l)?
9
Let a(k) be the second derivative of k**5/20 + k**4/6 - k**3/3 - k**2/2 + 2*k. Let i(j) = -j - 14. Let v be i(-11). Let q = -6 - v. Determine a(q).
-4
Let j(r) = r**2 + r + 1. Let o = 7 + -7. Suppose 12*v - 7*v = o. What is j(v)?
1